se 15
-93
What is -101 (base 3) in base 15?
-a
Convert -1221 (base 4) to base 6.
-253
-1120 (base 4) to base 6
-224
Convert -35 (base 13) to base 14.
-32
Convert 33 (base 10) to base 2.
100001
What is 2 (base 4) in base 3?
2
d (base 16) to base 8
15
101 (base 4) to base 3
122
Convert 1101 (base 3) to base 9.
41
1 (base 13) to base 11
1
Convert 5 (base 6) to base 16.
5
-2 (base 14) to base 16
-2
Convert -1220 (base 3) to base 10.
-51
What is 20102 (base 3) in base 12?
125
44 (base 9) to base 15
2a
102 (base 8) to base 16
42
Convert 23 (base 5) to base 4.
31
1001 (base 2) to base 15
9
What is -10 (base 6) in base 13?
-6
What is 22210 (base 3) in base 7?
456
-12 (base 3) to base 7
-5
-4b (base 14) to base 5
-232
What is b (base 12) in base 10?
11
Convert -3300 (base 4) to base 5.
-1430
0 (base 15) to base 10
0
What is a (base 14) in base 13?
a
Convert -6 (base 8) to base 4.
-12
What is -18 (base 9) in base 8?
-21
What is 10100 (base 2) in base 5?
40
What is 3 (base 15) in base 6?
3
What is 52 (base 10) in base 8?
64
2 (base 10) to base 4
2
d (base 16) to base 3
111
Convert 2 (base 12) to base 11.
2
Convert -5 (base 16) to base 10.
-5
Convert 10 (base 11) to base 9.
12
0 (base 11) to base 2
0
What is 38 (base 12) in base 16?
2c
What is -30 (base 6) in base 8?
-22
What is -5 (base 16) in base 10?
-5
Convert -110 (base 7) to base 13.
-44
Convert -101 (base 2) to base 12.
-5
Convert b (base 15) to base 11.
10
-17 (base 11) to base 7
-24
21 (base 5) to base 3
102
What is 11 (base 6) in base 8?
7
What is 8 (base 11) in base 9?
8
-1 (base 12) to base 9
-1
Convert 14 (base 12) to base 9.
17
-2 (base 10) to base 5
-2
What is -4 (base 11) in base 4?
-10
-1011111 (base 2) to base 10
-95
Convert 5 (base 7) to base 9.
5
What is -5 (base 16) in base 4?
-11
Convert -11 (base 3) to base 5.
-4
Convert 1211 (base 3) to base 4.
301
What is -11 (base 13) in base 4?
-32
Convert 110011 (base 2) to base 16.
33
Convert -31 (base 11) to base 9.
-37
What is -2 (base 12) in base 3?
-2
1101 (base 2) to base 5
23
101001 (base 2) to base 16
29
Convert 1 (base 15) to base 14.
1
What is -42 (base 16) in base 7?
-123
What is 13 (base 4) in base 2?
111
-5 (base 16) to base 12
-5
-24 (base 12) to base 2
-11100
-53 (base 9) to base 12
-40
67 (base 11) to base 14
53
Convert -9 (base 10) to base 6.
-13
Convert -6 (base 9) to base 10.
-6
Convert -a8 (base 15) to base 2.
-10011110
23 (base 11) to base 6
41
-1 (base 8) to base 6
-1
-12 (base 8) to base 6
-14
Convert -1 (base 13) to base 3.
-1
What is -4 (base 10) in base 16?
-4
What is -220 (base 3) in base 6?
-40
Convert -5e (base 15) to base 10.
-89
What is 2c (base 15) in base 2?
101010
What is 2 (base 4) in base 16?
2
What is -21 (base 3) in base 13?
-7
What is 4 (base 8) in base 7?
4
-6 (base 11) to base 13
-6
-1 (base 12) to base 15
-1
What is 5 (base 12) in base 7?
5
What is -3 (base 13) in base 4?
-3
What is -3 (base 8) in base 5?
-3
3 (base 16) to base 9
3
What is 1 (base 7) in base 14?
1
-a (base 15) to base 9
-11
Convert 2 (base 5) to base 16.
2
Convert -18 (base 15) to base 11.
-21
What is -26 (base 10) in base 12?
-22
Convert 0 (base 12) to base 3.
0
Convert 201 (base 3) to base 13.
16
Convert -28 (base 13) to base 2.
-100010
-3 (base 6) to base 10
-3
What is b (base 12) in base 8?
13
Convert -19 (base 12) to base 16.
-15
0 (base 5) to base 15
0
What is -1 (base 10) in base 14?
-1
6 (base 15) to base 16
6
Convert 12 (base 12) to base 2.
1110
What is -62 (base 7) in base 11?
-40
What is -1 (base 7) in base 9?
-1
Convert -a (base 13) to base 15.
-a
Convert 31 (base 10) to base 5.
111
What is 34 (base 6) in base 16?
16
2 (base 4) to base 16
2
Convert 0 (base 2) to base 12.
0
-43 (base 5) to base 3
-212
-14 (base 9) to base 8
-15
-8 (base 11) to base 3
-22
What is 5 (base 10) in base 6?
5
What is 20 (base 10) in base 5?
40
What is -10210 (base 3) in base 5?
-402
8 (base 12) to base 16
8
Convert -405 (base 6) to base 12.
-105
What is -101 (base 4) in base 15?
-12
What is -1110001 (base 2) in base 15?
-78
Convert 21 (base 3) to base 16.
7
Convert -5 (base 9) to base 11.
-5
-64 (base 10) to base 13
-4c
-244 (base 11) to base 2
-100100010
Convert 5 (base 6) to base 2.
101
What is 2 (base 3) in base 8?
2
Convert -1220 (base 4) to base 15.
-6e
Convert -28 (base 13) to base 14.
-26
0 (base 5) to base 2
0
114 (base 6) to base 14
34
Convert 112 (base 3) to base 8.
16
Convert 6 (base 9) to base 14.
6
What is -242 (base 7) in base 10?
-128
-27 (base 14) to base 3
-1022
Convert -12 (base 8) to base 5.
-20
3 (base 5) to base 4
3
Convert 2000 (base 3) to base 4.
312
Convert 15 (base 7) to base 11.
11
Convert 18 (base 12) to base 5.
40
Convert 66 (base 7) to base 3.
1210
4 (base 11) to base 16
4
What is -d (base 14) in base 3?
-111
Convert 111111 (base 2) to base 9.
70
-61 (base 7) to base 9
-47
What is -454 (base 6) in base 10?
-178
-111 (base 3) to base 14
-d
Convert -54 (base 6) to base 14.
-26
What is -213 (base 10) in base 12?
-159
What is -a (base 15) in base 9?
-11
What is -88 (base 16) in base 6?
-344
1 (base 13) to base 4
1
16 (base 7) to base 8
15
Convert -12 (base 6) to base 2.
-1000
-100 (base 11) to base 6
-321
Convert -20011 (base 3) to base 6.
-434
4 (base 6) to base 16
4
-38 (base 11) to base 6
-105
Convert 101101 (base 3) to base 11.
235
3 (base 9) to base 10
3
34 (base 8) to base 7
40
What is 12 (base 6) in base 9?
8
Convert 66 (base 8) to base 6.
130
Convert 2 (base 3) to base 13.
2
What is 11 (base 3) in base 8?
4
What is -401 (base 7) in base 15?
-d2
What is -b (base 12) in base 16?
-b
What is 114 (base 11) in base 7?
253
What is 5a (base 13) in base 3?
2210
Convert -12 (base 7) to base 10.
-9
Convert 2 (base 11) to base 16.
2
10100 (base 2) to base 14
16
What is 94 (base 15) in base 12?
b7
Convert -16 (base 9) to base 15.
-10
Convert 1 (base 12) to base 11.
1
Convert cc (base 16) to base 11.
176
-2 (base 7) to base 15
-2
What is 200 (base 9) in base 12?
116
Convert 101 (base 2) to base 6.
5
Convert 46 (base 11) to base 7.
101
Convert 1123 (base 4) to base 13.
70
What is -1330 (base 4) in base 5?
-444
11100 (base 3) to base 13
90
Convert 11 (base 5) to base 7.
6
What is 6 (base 15) in base 4?
12
Convert -20 (base 3) to base 5.
-11
What is -1 (base 8) in base 2?
-1
1001111 (base 2) to base 6
211
What is -20 (base 5) in base 14?
-a
Convert 10 (base 8) to base 5.
13
Convert -1 (base 12) to base 7.
-1
a (base 15) to base 4
22
What is -18 (base 14) in base 13?
-19
What is -5 (base 6) in base 13?
-5
3 (base 11) to base 9
3
What is 3113 (base 4) in base 10?
215
Convert 4 (base 9) to base 16.
4
-1 (base 3) to base 6
-1
-123 (base 5) to base 2
-100110
Convert -3 (base 8) to base 10.
-3
Convert 22 (base 9) to base 8.
24
Convert 167 (base 8) to base 6.
315
Convert 1 (base 2) to base 13.
1
-1000 (base 2) to base 14
-8
What is -110 (base 3) in base 7?
-15
What is 14 (base 12) in base 11?
15
5a (base 14) to base 13
62
2e (base 16) to base 10
46
What is 0 (base 10) in base 16?
0
-17 (base 10) to base 9
-18
What is 39 (base 11) in base 16?
2a
Convert -21 (base 15) to base 9.
-34
What is 122 (base 6) in base 3?
1212
Convert 4 (base 15) to base 8.
4
What is -610 (base 7) in base 6?
-1221
Convert 2 (base 12) to base 14.
2
Convert -2102 (base 4) to base 5.
-1041
What is 110 (base 2) in base 11?
6
Convert 1d (base 15) to base 3.
1001
Convert -2 (base 16) to base 6.
-2
What is -e (base 16) in base 11?
-13
What is 2022 (base 4) in base 2?
10001010
Convert a (base 14) to base 12.
a
11 (base 2) to base 15
3
Convert 8 (base 16) to base 3.
22
What is -3 (base 4) in base 13?
-3
Convert 134 (base 6) to base 2.
111010
-4 (base 16) to base 6
-4
What is d2 (base 16) in base 2?
11010010
-250 (base 9) to base 12
-153
What is 12 (base 12) in base 5?
24
0 (base 6) to base 3
0
What is 32 (base 6) in base 4?
110
What is -108 (base 10) in base 6?
-300
1e (base 15) to base 14
21
What is 15 (base 12) in base 16?
11
Convert 10 (base 5) to base 14.
5
Convert 12 (base 4) to base 16.
6
16 (base 16) to base 10
22
Convert 13 (base 4) to base 16.
7
Convert -2 (base 3) to base 6.
-2
What is -112 (base 3) in base 16?
-e
What is -10 (base 2) in base 3?
-2
Convert -9 (base 11) to base 15.
-9
-7 (base 12) to base 7
-10
What is -542 (base 6) in base 7?
-413
What is -36 